isor of x and n.
8
Let j(u) = u**3 - 4*u**2 + 4*u. Let d be j(3). Suppose d*q + 1 = 31. Calculate the greatest common factor of 70 and q.
10
Suppose -3*o + 3*q + 66 = 0, -o + 15 = -3*q - 9. What is the highest common factor of 21 and o?
21
Let o(z) = z**3 - 4*z**2 + 3*z + 1. Let y be o(4). Calculate the highest common divisor of y and 13.
13
Let i = 97 - 93. Suppose 3*g = -3*t, -5*g - t + 6 = t. What is the greatest common factor of g and i?
2
Let q = 66 + -17. Let m = 33 - q. Let l be (-2)/(-8) - 1532/m. What is the greatest common divisor of l and 24?
24
Let f(l) = l**3 + 8*l**2 + l - 6. Suppose 2*d - 8 = 0, -19 = 3*s - d + 6. Let k be f(s). What is the highest common divisor of 9 and k?
9
Let d = 1 - -7. What is the highest common divisor of d and 64?
8
Let t be (-3 + 4)/((-2)/(-8)). Suppose 20 = -0*q + t*q. What is the greatest common factor of 10 and q?
5
Suppose -3344 = -4*w - 0*w. Let y be 20/50 + w/10. Calculate the highest common factor of 21 and y.
21
Suppose -3*o + 9 = 3*u, -o + 6*u - u = 9. Suppose 0 = -5*v, -2*l + 5*v = 1 - 9. Calculate the highest common divisor of o and l.
1
Let n be (-4)/5*(-50)/20. Suppose -15 = n*f - 5*f. Calculate the highest common factor of f and 25.
5
Let p be (-1794)/(-45) - (-4)/30. Let q(s) = -s**2 - 4*s + 5. Let g be q(-3). What is the greatest common factor of g and p?
8
Suppose -4*k + 1 = -p - 44, -k - p + 15 = 0. Let b be 2/(-4) + 78/k. Suppose 0*j = 5*j - 10. Calculate the greatest common divisor of j and b.
2
Suppose -2*b - v = 0, -5*v - 1 - 29 = -5*b. Let w be (-2 + b)/(7 + -5). Suppose w = 2*x + 2*x - 96. Calculate the highest common divisor of x and 16.
8
Let o(m) = -m**2 + 12*m - 14. Suppose -2*f = 10, 7*u - 25 = 2*u - 3*f. Let x be o(u). What is the greatest common divisor of 36 and x?
18
Let x be -2 + (-12)/1*(-24)/36. Calculate the greatest common divisor of x and 60.
6
Let u be (2 + 11/(-4))*-44. Let z = u - -9. Calculate the greatest common factor of 7 and z.
7
Let f = -19 + 24. Calculate the highest common factor of f and 35.
5
Suppose 0 = 5*v + 2*w - 76, -v + 22 = -0*v - 3*w. Let j be 90/(-12)*(2 + (-76)/6). Calculate the highest common factor of j and v.
16
Suppose 0*x = 2*x - 80. Suppose -2*v + x = h, -2*v + 2*h + 0*h = -40. What is the highest common factor of 8 and v?
4
Let a(d) = 74*d**2 - 2*d - 1. Let u(v) = v**3 - v**2 - 4*v + 3. Let o be u(2). Let w be a(o). What is the highest common divisor of 25 and w?
25
Let a(p) = -p + 5. Let h(i) = 2*i - 11. Let v(f) = 9*a(f) + 4*h(f). Let u be v(-5). What is the greatest common factor of u and 15?
3
Let h(a) = -20*a - 4. Let c be h(-2). Calculate the highest common divisor of c and 108.
36
Suppose 0 = 11*c - 231 - 209. What is the greatest common divisor of c and 16?
8
Let i be (-2 - -11)/((-5)/(-25)). Suppose -p - i = -3*w - 136, 2*p - 5*w - 182 = 0. Calculate the greatest common factor of p and 13.
13
Suppose 3*m + 14 = 5*m. What is the greatest common factor of 21 and m?
7
Let z = 142 + -86. Suppose a + 18 - 2 = 5*x, 4*x = -4*a + z. Calculate the greatest common divisor of 27 and a.
9
Let m = -76 - -121. Let s = m - 10. Calculate the greatest common divisor of 14 and s.
7
Let i(l) = -72*l. Let o be i(-1). Let h be -4*3/18*-3. Suppose -6 = -h*s + 10. What is the highest common factor of s and o?
8
Suppose 4*z = z + 300. Suppose -35 = -5*m + z. Calculate the highest common factor of m and 18.
9
Let r be 2 + -2*(-76)/8. What is the greatest common factor of r and 3?
3
Let x = 10 + -10. Suppose x*d + 3*d - 48 = 0. Calculate the greatest common factor of 2 and d.
2
Let s(n) = n - 4. Let w be s(7). Suppose -w*l = -2*z - 19, 2*z + 29 = 3*l - 2*z. Suppose -3*f = -22 + 4. What is the greatest common divisor of l and f?
3
Suppose 3*i - 13 = 2. Calculate the highest common factor of i and 5.
5
Let q(k) = 13*k - 1. Let i be q(1). Let z be 160/(-12)*9/(-2). What is the greatest common factor of i and z?
12
Let h = -9 + 10. Let j(n) be the first derivative of 80*n**3/3 + n**2 - n + 1. Let o be j(h). Calculate the greatest common divisor of 9 and o.
9
Suppose 4*h + 108 - 988 = 0. What is the highest common factor of 88 and h?
44
Let d be (-20)/(-50)*(-90)/(-3). What is the highest common factor of 24 and d?
12
Suppose 0 = 4*h - 5 - 3. Suppose -h = -l - 0*l. Let q be (-267)/(-21) - l/(-7). Calculate the highest common factor of 13 and q.
13
Let k be (2/(-6))/((-9)/81). Calculate the highest common divisor of 3 and k.
3
Let f = 3 - -1. Let k = 10 + -10. Let z be 28/4 + (-3 - k). What is the highest common divisor of z and f?
4
Suppose 3*f - 2 - 8 = 2*u, -4*u - 8 = -3*f. What is the greatest common divisor of f and 4?
4
Let r = 17 - 12. Suppose -3*p = -r*n - 73, -1 = -n - 6. Suppose 2*w - 16 = 64. What is the greatest common factor of p and w?
8
Let o(n) = 6*n**2. Let w be o(-2). Suppose -4*c + 48 = -0. Let x be -4*(c/(-3) + 2). Calculate the greatest common divisor of x and w.
8
Let v(r) be the third derivative of -r**4/12 - 7*r**3/3 - 4*r**2. Let n be v(-11). Calculate the greatest common divisor of n and 56.
8
Let b = -102 + 182. Calculate the greatest common factor of b and 32.
16
Let x = 121 + -61. Let g be (3*1/(-6))/((-3)/144). Calculate the highest common factor of x and g.
12
Suppose 13*k - 114 = 7*k. Calculate the greatest common factor of k and 2.
1
Suppose -b = 6*b + 105. Let p be ((-100)/b)/(3/27). Calculate the highest common divisor of p and 24.
12
Let b = 216 - 141. Let k be 10/(-2)*-1*3. Calculate the greatest common divisor of k and b.
15
Let y = -8 - -11. Let z = y - 1. Let u(x) = 7*x - 2. Let h be u(z). What is the greatest common factor of 12 and h?
12
Suppose 3*t - 15 = 3. Let f = 70 + -25. Suppose 4*m + m = f. Calculate the highest common factor of t and m.
3
Suppose 45 = 2*d - 3*v, -3*d + 4*v + 9 = -56. Calculate the greatest common factor of 45 and d.
15
Let a be (1 - -2)*4 - 0. Let w = 7 + -11. Let k = w + 10. Calculate the highest common divisor of a and k.
6
Let v(t) = t**3 - 4*t**2 + 5*t - 4. Suppose -x - 4*x + 15 = 0. Let u be v(x). Let n be (1 + 0)/(u/4). Calculate the highest common factor of n and 6.
2
Let s(w) = -4*w + 3 - 3 + 5. Let g be s(-4). Suppose -4*x + g = -x. Calculate the highest common factor of x and 77.
7
Suppose r + 52 = 5*r. Suppose -f + 2*f = -5. Let y = r - f. What is the highest common divisor of y and 27?
9
Let z = -43 + 79. Let x be 2 + -2*(0 + 3). Let c be ((-2)/3)/(x/54). What is the greatest common divisor of z and c?
9
Suppose -396 = 8*c - 12*c. Suppose 0 = n - f - 4 + 7, -n = -4*f + 12. Suppose 0 = -g - n*g + 11. Calculate the greatest common factor of g and c.
11
Let i be -2 + (-4)/(12/(-21)). Suppose -i*k - 11 = -41. What is the greatest common factor of 4 and k?
2
Let z = 3 + 2. Suppose 3 = 2*o - 5*o, -z*u - 5*o = -10. Suppose -3*q = -5*q + 2*s + 28, u*s - 6 = 0. What is the highest common factor of 128 and q?
16
Let m = 0 + 2. Suppose p = m*p - 14. What is the highest common factor of p and 126?
14
Let l be (-6)/(-15) - 294/(-15). Suppose 2*w - 4*a + 222 = a, 3*w + 2*a + 295 = 0. Let o = 321 + w. What is the greatest common divisor of o and l?
20
Suppose 4*k = 8*k. Suppose k = -t + 3 + 8. What is the greatest common factor of 22 and t?
11
Let n be 1/(3/(7 - -2)). What is the greatest common divisor of n and 33?
3
Let y be 10/35 - (-26)/7. Let x be (6/y)/(3/8). Calculate the greatest common divisor of 20 and x.
4
Suppose -5*m = 3*g - 259, -2*m + 5*g - 2*g = -112. Let k = -32 + m. Calculate the greatest common divisor of k and 3.
3
Suppose f + 39 = 3*z, z - 4*z = f - 33. Let p = z + 63. Let m be (-30)/(-50)*(26 - 1). Calculate the highest common divisor of p and m.
15
Let b be 4/2*(-28)/(-8). Suppose b = p - 5. Calculate the greatest common factor of 48 and p.
12
Let c(s) be the second derivative of s**4/12 - 3*s**3/2 + 5*s**2/2 - s. Let j be c(9). Calculate the highest common factor of j and 40.
5
Let j be ((-1)/1 - -4)*17 - 1. Calculate the highest common divisor of 25 and j.
25
Let q(i) = i + 2. Let j be q(2). Suppose -5*l + 5 = -4*v + 6*v, -3*v - 3 = j*l. What is the greatest common factor of 3 and l?
3
Let p(f) = -f**3 + 3*f**2 - 1. Let t be (-11)/(-6) + (-1)/(-6). Let i be p(t). Suppose i*n - 1 = 71. Calculate the highest common divisor of n and 8.
8
Let k(f) = -8*f - 51. Let g be 